hat are the prime factors of 409639754?
2, 71, 2884787
List the prime factors of 55306941.
3, 71, 259657
What are the prime factors of 161138355?
3, 5, 7, 29, 52919
What are the prime factors of 40019712?
2, 3, 107, 487
What are the prime factors of 1368846313?
29, 47201597
What are the prime factors of 732750791?
709, 1033499
What are the prime factors of 17013181?
59, 288359
List the prime factors of 5812388.
2, 193, 7529
What are the prime factors of 1444324390?
2, 5, 11801, 12239
What are the prime factors of 812407209?
3, 2339, 115777
What are the prime factors of 18249669?
3, 31, 149, 439
What are the prime factors of 107518506?
2, 3, 17, 199, 5297
What are the prime factors of 205896163?
11, 17, 809, 1361
List the prime factors of 717022087.
107, 6701141
List the prime factors of 84735349.
2531, 33479
What are the prime factors of 575512653?
3, 311, 616841
What are the prime factors of 51572683?
51572683
List the prime factors of 2177124988.
2, 544281247
What are the prime factors of 966163827?
3, 322054609
What are the prime factors of 42707398?
2, 31, 37, 18617
What are the prime factors of 37662028?
2, 19, 277, 1789
List the prime factors of 2269040293.
13, 53, 127, 25931
List the prime factors of 922610959.
29, 31814171
List the prime factors of 104670778.
2, 52335389
List the prime factors of 113598713.
29, 439, 8923
What are the prime factors of 1947855403?
13, 5939, 25229
List the prime factors of 443818917.
3, 49313213
What are the prime factors of 1015846423?
29, 1207903
What are the prime factors of 27485595?
3, 5, 73, 2789
What are the prime factors of 122802241?
122802241
List the prime factors of 45709834.
2, 41, 389, 1433
List the prime factors of 266383938.
2, 3, 59, 283, 2659
What are the prime factors of 114046690?
2, 5, 647, 17627
List the prime factors of 2963226419.
31, 131, 729679
List the prime factors of 45864880.
2, 5, 167, 3433
What are the prime factors of 4091481?
3, 454609
List the prime factors of 310022560.
2, 5, 1937641
What are the prime factors of 943385311?
11, 179, 283, 1693
What are the prime factors of 2604625?
5, 67, 311
What are the prime factors of 1121697311?
7, 41, 211, 18523
List the prime factors of 45379820.
2, 5, 2268991
What are the prime factors of 619329750?
2, 3, 5, 13, 63521
List the prime factors of 103199582.
2, 51599791
What are the prime factors of 168914549?
461, 366409
List the prime factors of 25630646.
2, 593, 21611
List the prime factors of 1969418270.
2, 5, 499, 394673
What are the prime factors of 12115627?
163, 239, 311
List the prime factors of 2208676344.
2, 3, 7, 31, 424093
List the prime factors of 79382592.
2, 3, 15313
List the prime factors of 64524104.
2, 1031, 7823
List the prime factors of 3690669122.
2, 7, 37659889
List the prime factors of 192739805.
5, 38547961
What are the prime factors of 84279662?
2, 503, 83777
What are the prime factors of 42272507?
2677, 15791
List the prime factors of 57901363.
13, 4453951
What are the prime factors of 135065677?
53, 2548409
List the prime factors of 90255973.
31, 2911483
What are the prime factors of 5626059228?
2, 3, 1291, 40351
What are the prime factors of 1680665277?
3, 43, 13028413
List the prime factors of 89946314.
2, 31, 1450747
What are the prime factors of 54314676?
2, 3, 13, 43, 2699
What are the prime factors of 331892407?
7, 11, 1493, 2887
List the prime factors of 1055877572.
2, 3613, 73061
What are the prime factors of 946998088?
2, 2617, 45233
List the prime factors of 170628172.
2, 11, 13, 199, 1499
List the prime factors of 973354595.
5, 23, 587, 14419
What are the prime factors of 3043947718?
2, 7, 31060691
What are the prime factors of 124191242?
2, 7, 61, 145423
What are the prime factors of 3574985146?
2, 1787492573
List the prime factors of 133989020.
2, 5, 11, 227, 2683
What are the prime factors of 112252428?
2, 3, 17, 149, 1231
What are the prime factors of 283408426?
2, 7, 163, 124193
What are the prime factors of 15183410?
2, 5, 11, 97, 1423
List the prime factors of 58013916.
2, 3, 19, 254447
List the prime factors of 951794815.
5, 4813, 39551
List the prime factors of 305875755.
3, 5, 79, 139, 619
List the prime factors of 274636287.
3, 1499, 20357
What are the prime factors of 65244452?
2, 7, 13, 179243
What are the prime factors of 2895619847?
97, 167, 178753
List the prime factors of 509711644.
2, 13, 1723, 5689
List the prime factors of 260455865.
5, 52091173
List the prime factors of 162327004.
2, 7, 828199
List the prime factors of 95711936.
2, 397, 3767
List the prime factors of 23195727.
3, 286367
List the prime factors of 710416463.
59, 12040957
What are the prime factors of 3921059372?
2, 2381, 411703
List the prime factors of 557870767.
29, 19236923
What are the prime factors of 4253585350?
2, 5, 7, 12153101
List the prime factors of 707698901.
7, 13, 139, 55949
List the prime factors of 4284009710.
2, 5, 428400971
List the prime factors of 273495053.
13, 71, 199, 1489
List the prime factors of 1284522310.
2, 5, 53, 2423627
What are the prime factors of 221722384?
2, 13, 1065973
What are the prime factors of 197857091?
167, 191, 6203
What are the prime factors of 947951705?
5, 17, 19, 30893
What are the prime factors of 407005064?
2, 1613, 31541
What are the prime factors of 44423742?
2, 3, 11, 47, 14321
What are the prime factors of 2475786422?
2, 379, 3266209
List the prime factors of 3338618106.
2, 3, 761, 731191
What are the prime factors of 424642413?
3, 13, 53, 15803
What are the prime factors of 42748652?
2, 83, 128761
What are the prime factors of 83412107?
619, 134753
What are the prime factors of 701458996?
2, 7, 41, 611027
List the prime factors of 41017159.
41017159
What are the prime factors of 490515673?
2273, 215801
List the prime factors of 101838857.
17, 5990521
What are the prime factors of 5552766138?
2, 3, 925461023
What are the prime factors of 58141823?
2521, 23063
List the prime factors of 34669055.
5, 241, 28771
List the prime factors of 41640262.
2, 20820131
What are the prime factors of 19870829?
11, 29, 167, 373
What are the prime factors of 34616562?
2, 3, 907, 6361
What are the prime factors of 3907164?
2, 3, 325597
What are the prime factors of 60279439?
11, 197, 27817
List the prime factors of 4757672285.
5, 29, 32811533
List the prime factors of 5792232513.
3, 1930744171
List the prime factors of 47621501.
6163, 7727
What are the prime factors of 229007395?
5, 45801479
List the prime factors of 6245081766.
2, 3, 7, 11, 19, 21559
List the prime factors of 55623264.
2, 3, 579409
What are the prime factors of 1074664839?
3, 6199, 57787
List the prime factors of 12368762.
2, 7, 883483
List the prime factors of 651097907.
20011, 32537
What are the prime factors of 2039518357?
2039518357
What are the prime factors of 548108644?
2, 31, 4420231
List the prime factors of 3229152878.
2, 7, 230653777
List the prime factors of 2285075479.
2285075479
What are the prime factors of 8208733989?
3, 19, 144012877
What are the prime factors of 462242079?
3, 13, 61, 21589
What are the prime factors of 353575315?
5, 70715063
What are the prime factors of 1218083822?
2, 609041911
List the prime factors of 489189522.
2, 3, 127, 641981
What are the prime factors of 42261417?
3, 11, 157, 2719
What are the prime factors of 3817772270?
2, 5, 13, 1087, 27017
What are the prime factors of 9877156?
2, 2469289
What are the prime factors of 2784562529?
7, 397794647
What are the prime factors of 2816782086?
2, 3, 151, 3109031
What are the prime factors of 55102931?
13, 4238687
What are the prime factors of 549402192?
2, 3, 17, 224429
What are the prime factors of 2574522111?
3, 7, 122596291
What are the prime factors of 599495918?
2, 7, 31, 1381327
List the prime factors of 74490417.
3, 8276713
What are the prime factors of 357046328?
2, 19, 123631
What are the prime factors of 501867274?
2, 250933637
What are the prime factors of 469740106?
2, 11, 883, 24181
List the prime factors of 168469775.
5, 53, 2399
What are the prime factors of 57328809?
3, 2333, 8191
What are the prime factors of 180935683?
73, 173, 14327
List the prime factors of 767918582.
2, 313, 1226707
What are the prime factors of 1144902639?
3, 381634213
What are the prime factors of 229256802?
2, 3, 12736489
Li